pose -g*b = 10 - 46. What is the highest common factor of 48 and b?
12
Let o(p) = p + 1. Let c(m) = -4*m. Let y(v) = c(v) - 3*o(v). Let g be y(-6). What is the greatest common factor of g and 26?
13
Let o = -3 + -4. Let p be o/(35/12)*-15. Let b = 226 + -136. What is the greatest common divisor of p and b?
18
Suppose -23*a = -37 - 193. Calculate the greatest common divisor of a and 85.
5
Let i be 14 + 3*(-1)/(1 + -2). Let g(t) = -15*t - 16. Let r be g(-9). Calculate the greatest common divisor of r and i.
17
Let s be 7 + (-64)/4 + 11. Let z = -103 - -157. Let h be z/4 + 2/4. Calculate the greatest common divisor of s and h.
2
Suppose o - h = 3*h + 18, 2*h - 6 = 0. Let m be 24479/(-105) + 4/o. Let b = -24 - m. What is the highest common factor of b and 19?
19
Let v be 11347/21 + 2/3. Suppose -3*f = -s - v, 4*f - 718 = 2*s - 4*s. Calculate the highest common divisor of 20 and f.
20
Let n be 6 - 2 - (2 - 4). Suppose -3*o = -2*d - 2*o + 108, -5*o = 0. Calculate the greatest common factor of d and n.
6
Suppose -5*i + 463 = 13. Let n(s) = -1 - 5*s + 11 - s**3 + 6*s**2 + 0. Let w be n(5). What is the greatest common factor of i and w?
10
Suppose 5*s - 34 = 2*k, -4*k + 3*k = 4*s - 22. Suppose 5*x - s*x + 187 = 0. What is the highest common factor of 17 and x?
17
Let i = -8 - 10. Let h = i + 23. Suppose -2*s - o + 36 = -s, -s - 2*o + 32 = 0. Calculate the highest common divisor of h and s.
5
Let b = 624 - 617. Calculate the greatest common factor of 56 and b.
7
Let y(l) = 5*l - 2. Let p be y(1). Let a(z) = 2*z**2 - 4 + 17*z**2 + z**p + 17*z - 6. Let c be a(-18). What is the highest common divisor of 8 and c?
8
Let t(j) = 2*j**2 - 2*j. Let g be t(3). Suppose -7*u + 12*u - 60 = -5*v, -u + 3*v = -g. Calculate the greatest common divisor of 12 and u.
12
Let d = 5 - 26. Let s = -19 - d. What is the greatest common factor of 4 and s?
2
Let n be ((-5)/(-2))/((-2)/(-4)). Suppose n*s = -10, -2*s - 7 - 27 = -5*o. Calculate the highest common factor of o and 18.
6
Suppose -2*n = -7*n + 105. Let r be 6/n - 596/28. Let p = 31 + r. Calculate the greatest common factor of 80 and p.
10
Let u(f) = -14*f - 37. Let d be u(-3). Suppose 211 = d*q - 314. What is the highest common divisor of 21 and q?
21
Let l be (0 - -1)/((-6)/(-18)) - -51. What is the highest common factor of 90 and l?
18
Let m(d) = d**3 + 10*d**2 - 8*d - 4. Let l be m(-8). Let t = l - 132. Suppose 0 = 2*f - 5 - 9. Calculate the greatest common divisor of f and t.
7
Let d be ((-11)/4)/(2/(-8)). Suppose 0 = 3*t + 12, 5*t = -5*c + 3*t - 3. What is the highest common factor of d and c?
1
Let m = 241 - 233. What is the greatest common divisor of 256 and m?
8
Let a(m) = -m**3 - 32*m**2 - 61*m + 3. Let u be a(-30). What is the highest common factor of 429 and u?
33
Suppose 3*d = -u - 5, 3*d + 0 = -3*u - 3. Let t be ((-13)/d)/(2/20). Let l be -2 + 3 - (1 + -13). Calculate the greatest common divisor of l and t.
13
Let g be (1/(-1) - 0) + 18. Let m(i) = 7*i**2 - 30*i - 45. Let f be m(-4). Calculate the highest common divisor of g and f.
17
Suppose i + n - 61 = 5*n, 5*n + 5 = 0. Let r = i - 37. Calculate the greatest common factor of r and 60.
20
Suppose -164 = -5*n - y, -2*n + 3*y + 43 + 9 = 0. What is the greatest common factor of n and 384?
32
Suppose 0*t = -4*t - 48. Let m be ((-294)/t)/(1/2). What is the highest common divisor of m and 7?
7
Let x = 53 - 32. Suppose -16 = -2*d - 3*j, -j = -5*d + j + x. Suppose -3*c + 3*w = -12, 0*c + 2*c - d*w = -7. Calculate the highest common divisor of 99 and c.
9
Suppose d = 3*d - 34. Let j = d + -17. Suppose j = -o + 1 + 3. Calculate the greatest common factor of 6 and o.
2
Let o be (-53032)/(-136) + (-7)/(-119). Calculate the greatest common factor of 45 and o.
15
Let y(b) = -b**3 + 6*b**2 + 37*b + 25. Let m be y(7). What is the greatest common factor of m and 20?
5
Let w = -35 + 115. Let j = w + -18. Calculate the greatest common divisor of j and 31.
31
Let b = 0 - -14. Suppose 0 = -4*z + 7*z - 3. Suppose -s + 6 = -z. Calculate the highest common divisor of b and s.
7
Suppose -3*q = -5*x - 55, 6*q - 3*q - 3*x - 63 = 0. Suppose -q*v + 23*v + 14 = 0. Calculate the highest common divisor of v and 7.
7
Let p(g) = g**3 + g**2 - 8*g + 1. Let m be p(4). What is the highest common divisor of 539 and m?
49
Suppose -2 = 2*m - 2*b, -3*m = -0*b - 4*b + 6. Calculate the greatest common divisor of m and 11.
1
Let k = 166 - 154. What is the greatest common divisor of k and 384?
12
Suppose 0 = -3*y - 4*s + 48, -5*y - s - 18 + 98 = 0. Let j = -60 - -62. Calculate the highest common factor of y and j.
2
Let h(r) = -216*r**3 + 2*r**2 + r. Let j(c) = -c - 16. Let m be j(-12). Let w = 3 + m. Let x be h(w). What is the highest common factor of x and 31?
31
Let f(r) = -3*r + 1. Let u be f(-5). What is the greatest common divisor of u and 12?
4
Let j = 1416 + -1410. Calculate the highest common factor of j and 6.
6
Let y(s) = s**2 + 11*s - 23. Let c be y(-6). Let a = c + 62. Calculate the greatest common divisor of a and 9.
9
Suppose -38 = m + 1. Let i = -35 - m. Calculate the greatest common divisor of 1 and i.
1
Suppose -3*w = 7 - 52. Suppose 98*t = -58*t - 47*t + 15225. Calculate the highest common factor of w and t.
15
Let x(y) = -y**2 + 55*y - 88. Let u be x(53). Calculate the greatest common divisor of u and 9.
9
Let a = -714 + 752. Let d = 34 + -15. Calculate the greatest common divisor of a and d.
19
Suppose -114 = 7*h - 555. Calculate the greatest common divisor of 693 and h.
63
Suppose q = 406 - 158. What is the highest common factor of 1364 and q?
124
Let j(z) = -19*z + 5. Let y be j(3). Let q be y/(-65)*(-10)/(-4). Let n be (14 - q)/((-6)/(-16)). Calculate the greatest common factor of 128 and n.
32
Let o = -96 - -92. Let k be -12*2/12*o. Calculate the highest common divisor of 56 and k.
8
Let o be 16 + -15 - (464/2 - 1). Let i = o + 446. Calculate the highest common divisor of i and 27.
27
Let o(k) = 9*k**2 - 3. Let d be o(1). Suppose d*t = 8*t - 120. Suppose 2*j - 63 = 3*n, -4*n + n = 5*j - 105. Calculate the greatest common divisor of j and t.
12
Suppose 0 = 12*m + 44 + 28. Let k(j) = j**2 - 14*j. Let q be k(m). Suppose -2*f + 7*f = 120. Calculate the greatest common divisor of q and f.
24
Let x be 1 - ((-6)/(-8) + 156/48). Let m be (3/1 + -4)/(x/45). Calculate the greatest common divisor of m and 75.
15
Suppose -2*q + 3*q - 99 = 0. Suppose 527*l - 540*l + 143 = 0. Calculate the highest common factor of l and q.
11
Let p(f) = f**3 - 9*f**2 - 269*f + 13. Let m be p(-11). What is the highest common factor of m and 24?
24
Let m(k) = -k**3 - 15*k**2 + 13*k + 60. Let z be m(-16). Let f be (8/(-12))/((-1)/3). Suppose -o - 12 = -f*o. What is the highest common divisor of o and z?
12
Let r = 10 + -8. Let p(s) = 5*s**2 - 3*s + 3. Let g be p(r). Let l = -20 - -71. Calculate the greatest common divisor of g and l.
17
Suppose 135 = 7*u + 16. Let l(f) = -5*f**2 + 6 + 5*f**2 + f**2 - 4*f + 0*f. Let s be l(-5). What is the greatest common divisor of s and u?
17
Let b(x) = -x**3 - 10*x**2 - 2*x - 8. Let s be b(-10). Let r be (-25)/2 - s/24. Let u = r - -34. What is the highest common divisor of u and 14?
7
Suppose 1 - 945 = -2*s + 2*l, -2*s = -4*l - 936. Calculate the highest common divisor of 140 and s.
28
Let s be (-7 - -9 - 5)*-22. Let l = 58 + -25. Calculate the greatest common divisor of s and l.
33
Let l be (3/(-6))/((-1)/114). What is the highest common divisor of 741 and l?
57
Let i(s) = -s**3 + s + 3. Let m be i(-3). Suppose -2*z = -5*z + m. Let f be (6/z)/((-3)/(-54)). Calculate the highest common factor of 132 and f.
12
Let a be 60/(-9) + (-3)/9. Let c(p) = -p**2 - 6*p + 10. Let q be c(a). Suppose -18 = f - 4*f + q*x, f + x = 0. What is the highest common factor of f and 21?
3
Let r = 84 - -84. What is the greatest common factor of 21 and r?
21
Suppose 4*y = y + 3*q + 192, 5*y = -2*q + 341. Suppose -k + y = -11. Calculate the highest common divisor of k and 39.
39
Suppose 0 = -10*r + 5*r + 1750. Let x = -230 + r. What is the greatest common divisor of x and 12?
12
Suppose -4*z - 247 = -3*b, b + z + 54 - 127 = 0. Calculate the greatest common factor of 847 and b.
77
Let z = 1174 + -936. Calculate the greatest common divisor of z and 56.
14
Let k be 1/(-1) + (8/4)/2. Let p(z) = z*